- 3*m + 306 = 0. Let b be m/4*16/24. Let w = 0 + b. What is the tens digit of w?
1
Let d be (16/(-10))/(1/(-5)). Let c = d + 1. Suppose 3*y - 5 = h, 4*y + 5*h - c = 4. What is the units digit of y?
2
Let u = 8874 - 5901. What is the tens digit of u?
7
Let c be 8/(-18)*-6 + (-4)/6. What is the units digit of 51 + 4 + 4 + c/(-2)?
8
What is the tens digit of (1 - -2709) + (-91)/(-2 - -15)?
0
Let v = 677 + -637. What is the tens digit of v?
4
Let y = -268 - -3881. What is the thousands digit of y?
3
Let t(c) = 2*c**2 - 31*c - 99. What is the units digit of t(38)?
1
Let g = -513 + 1321. What is the units digit of g?
8
Suppose -u - 2 = -4, 3*k - 5*u = -22. What is the tens digit of 605/10 - (-2)/k?
6
Let z(r) = 401*r**2 - 14*r - 4. What is the tens digit of z(-2)?
2
Suppose -5*d + 1424 = -c, -3*d - d + 1136 = -4*c. What is the units digit of d?
5
Let r(n) = n**3 - 4*n**2 - 14*n + 21. What is the tens digit of r(8)?
6
Let q(g) = 13*g**3 - g**2. Let f be q(1). Let b = f - 12. Let n = 17 - b. What is the tens digit of n?
1
Let p(g) = 4*g**2 + 33*g - 322. What is the hundreds digit of p(14)?
9
Let q = 3800 - 1832. What is the hundreds digit of (12/(-14))/(-2) + q/14?
1
Suppose -26*p + 2723 = -2113. What is the tens digit of p?
8
Let l be (-2)/(1*(-1)/136). Suppose x + 4*j - 75 = 0, -4*x - 3*j + j + l = 0. What is the tens digit of x?
6
Let v(f) = 502*f**2 - 17*f. What is the thousands digit of v(2)?
1
Let o(m) = -m**3 - 44*m**2 - 50*m + 191. What is the units digit of o(-43)?
2
Suppose -13*j + 6380 = -94. What is the units digit of j?
8
Let w = 48 - 51. Let i(h) = -9*h**3 - 2*h**2 + h - 4. What is the tens digit of i(w)?
1
Suppose 18 - 18 = -4*u. Suppose -102 = -6*d - u*d. What is the tens digit of d?
1
Let d = -40 - -45. Let w = 150 - d. What is the tens digit of w?
4
Suppose -48*l = -36*l - 7560. What is the units digit of l?
0
Let q(p) = p**3 - 18*p**2 + 15*p + 38. Let s be q(17). Suppose -120 = -s*b + 24. What is the units digit of b?
6
Suppose x + 2 = 4*b + 12, -2*x + 20 = 2*b. What is the units digit of x?
0
Let z(u) = -u**2 + 32*u - 5. What is the units digit of z(24)?
7
Let r(n) = -15*n + 75. Let h be r(5). Let k(d) = -2*d**2 - 4*d - 3. Let p be k(-2). What is the tens digit of 6 + 49 + h + p?
5
Suppose 17061 = 62*m - 51*m. What is the tens digit of m?
5
Let u = 10 - 28. Let s = u - -28. Suppose o - 2*y + 2 = s, y = 0. What is the units digit of o?
8
Suppose -2*m + 4*m - 5*s - 44 = 0, 0 = -m + 3*s + 24. Suppose 0 = -4*l - m, 0 = b + 3*l + l - 1. What is the units digit of b?
3
Suppose -12 = -4*u + p, -u + 2 = p - 1. Suppose -u*y + 5 + 4 = 0. What is the tens digit of (-8)/(-6)*y + 38?
4
Let r(t) = -2*t. Let p be r(-6). Suppose 0 = v - 135 - p. What is the tens digit of v?
4
Let o(u) = 11 + 12 + 2*u - 9 + 2. Let q be ((-7)/3)/(1/3). What is the units digit of o(q)?
2
Let v = 1072 - 699. What is the units digit of v?
3
Let n = 2177 + -1772. What is the units digit of n?
5
Let d(z) = -4*z**3 + 2*z**2 - z - 1. Let j be 5/(-1)*(3 + (-78)/30). What is the units digit of d(j)?
1
Let r(j) = 3*j**2 + 2*j. Let y be r(2). Let z(p) = 6 + p - y + 11. What is the tens digit of z(14)?
1
Suppose -2*m - 2 = 2. What is the tens digit of 12/8 + (-53)/m?
2
Suppose -3*g + 66 = 4*r, 0 = -r - 5*g + 23 + 2. Let n = 16 + -6. Suppose -60 = n*c - r*c. What is the units digit of c?
2
Let d = -4 - -4. What is the tens digit of -3 - (d + -67 - -4)?
6
Let f(n) = 32*n**2 - 14*n - 89. What is the hundreds digit of f(-5)?
7
Suppose -5*l + 4*g + 13056 = -l, -5*g = -l + 3248. What is the thousands digit of l?
3
Let j(n) be the first derivative of -n**4/4 + 14*n**3/3 + n**2 - 6*n + 3. Let a be j(14). Let s = a - 12. What is the tens digit of s?
1
Let d = -3365 + 6498. What is the units digit of d?
3
Let p = 78 - 134. Let o = p - -89. What is the units digit of o?
3
Let h(q) = 2*q + 9. Let m be h(-9). Let i = m - -23. What is the tens digit of i?
1
Let t = 11149 + -6385. What is the units digit of t?
4
Suppose b = -b + 50. Let k = -293 + 298. Suppose 0 = -0*x + k*x - b. What is the units digit of x?
5
Suppose -3*a - 72 = -3*l, -4*l = l - 4*a - 119. Let b = l - 15. What is the units digit of b?
8
Suppose 0 = 3*n - 4*n + 85. Suppose -23 - n = -4*p. Suppose -3*g + g - p = -h, -g = -h + 23. What is the tens digit of h?
1
Suppose 0 = -3*b + 3*g + 1371, 0 = 3*b - 2*g - 0*g - 1372. What is the hundreds digit of b?
4
What is the thousands digit of (-9)/(6/(-12) - (-274)/556)?
1
Suppose -1068*s - 5134 = -1070*s. What is the units digit of s?
7
Let s(t) = -11*t + 7. Let z(g) = -5*g + 3. Let m(y) = 6*s(y) - 13*z(y). Let x be m(-7). What is the units digit of (-3)/((-6)/x) + 4?
9
Suppose w + c - 649 = 0, -2*c = -w + 3*c + 679. What is the units digit of w?
4
Let t(g) be the third derivative of 1/6*g**4 - 4*g**2 - 1/2*g**3 + 0 + 0*g. What is the units digit of t(3)?
9
Let p(v) = 12*v**3 - 11*v**2 + 6. What is the hundreds digit of p(5)?
2
Suppose -5*o + 19*o - 15624 = 0. What is the units digit of o?
6
Let f be (2 - 6)*(3 + -2) + 8. Suppose 5*a - f*u = 670 + 201, 4*u - 179 = -a. What is the hundreds digit of a?
1
Let z = 3281 + -2309. What is the tens digit of z?
7
Let s be (4 - 1) + -1 + 2. Let b = 57 - s. What is the units digit of b?
3
Suppose 0 = -s + u - 24, -2*s + 36 = -4*s - u. Let k be ((-30)/s)/(6/8). Suppose -4*p + 16 = -k*o, -2*o + 1 = 3*p - 4. What is the units digit of p?
3
Suppose 70 - 76 = m. What is the hundreds digit of (40/(-15))/(m/261)?
1
Suppose 0 = 24*m - 6231 + 2247. What is the tens digit of m?
6
Suppose -5*s + 29 = 3*i, 0 = -s + 5 - 1. What is the tens digit of (i + -2)*-24*56/(-12)?
1
Suppose 5*g - 10 = -t + 3*g, 2 = -t + g. Suppose 4*h - 2*q = 208, t*q + 3*q - 10 = 0. What is the tens digit of h?
5
Let o(d) = d**2 - 5*d + 7. Let v be o(5). Let x(p) = -11*p + 10. Let a be x(2). What is the units digit of 240/v + a/42?
4
Suppose -155*y = -161*y + 480. Let b = 114 + -67. Let n = y - b. What is the tens digit of n?
3
Let d(j) = 2*j + 22. Let z be d(-11). Suppose -3*w + 6 = z, -181 = -5*f + 3*w - w. What is the units digit of f?
7
Let u = 1205 - -134. What is the hundreds digit of u?
3
Suppose 4*b - 25 + 8 = 5*v, b = 3*v + 6. Let k be (-15 - 0)*5/v. Suppose -5*w = r + r - k, -10 = -2*r. What is the units digit of w?
3
Suppose 811 = 3*k + 184. Let h = k - 145. What is the units digit of h?
4
Let b(i) = -5*i + 12. Let s(t) = 6*t - 12. Let m(z) = 5*b(z) + 4*s(z). Let h be m(-12). What is the units digit of -1 - h/(-4)*5?
9
Let h(n) = -3*n**3 + n**2 - 3*n + 1. Let t be h(2). Let f be (2 + (-24)/10)*t. What is the units digit of f/(-35) - (-384)/21?
8
Let d(h) = 3*h**2 + h. Let r be d(1). Suppose -r*s = -6*s + 4. Suppose 2*j = 3*b - 84, s*b - 2*j + 0*j = 56. What is the tens digit of b?
2
Let u(r) = -r**3 - 5*r**2 - 5*r + 7. Let n be u(-5). Suppose 5*p = 3*t - 7 - 9, -2 = -5*t - 4*p. Suppose t*l = 3*l, 4*a = l + n. What is the units digit of a?
8
Suppose 0 = 6*s + 3*s - 648. Let a be (-278)/(-7) + 2/7. Let l = s - a. What is the tens digit of l?
3
Let p(s) = 553*s**2 - 6*s + 1. What is the tens digit of p(1)?
4
Let x = 87 + -241. Let b = 252 + x. What is the tens digit of b?
9
Suppose -5*v = -v - 24. Suppose -10*k + 84 = -v. What is the units digit of k?
9
Let z = -39 + 526. What is the units digit of z?
7
Let s = -1137 + 1156. What is the units digit of s?
9
Suppose 4*s - 5*b - 3207 = 0, -3*s - 5*b + 2439 = -2*b. What is the hundreds digit of s?
8
Let j = 4 + -2. Let o(y) = -y**3 + 5*y**2 - 4*y - 1. Let n be o(j). Suppose 2*t = -3*v + 55, n*t = -5*v - t + 93. What is the units digit of v?
7
Let s be 5*(-3 + 46/10). Suppose -3*x + s = -10. What is the units digit of x?
6
Let t = -3460 - -7414. Suppose -f = -2*z - 666, 4*f = 5*z - 1275 + t. What is the units digit of f/39 - (-1)/(-3)?
7
Suppose -2*f - 3*f = -85. Let t = -14 + f. Suppose 3*i + t = 24. What is the units digit of i?
7
Let x = 13 + -7. Suppose -s + a - 18 = -x*s, -5*s + 12 = -a. Suppose -s*z = -2 - 28. What is the units digit of z?
0
Let t(v) = -16*v + 17. What is the hundreds digit of t(-9)?
1
Suppose -217 = -7*w - 77. What is the hundreds digit of 39/((w/(-30))/(64/(-18)))?
2
Let f be (-31)/(((-16)/12)/4). Suppose -h - 2*h = -f. Let x = h + -17. What is the tens digit of x?
1
Let h(q) = 1 - 3 + 7*q + 4*q**2 - 